{"id":117,"date":"2020-06-09T10:48:00","date_gmt":"2020-06-09T10:48:00","guid":{"rendered":"http:\/\/www.mntysalo.fi\/juho\/?page_id=117"},"modified":"2020-12-03T16:22:23","modified_gmt":"2020-12-03T16:22:23","slug":"asiantuntijana-te-toimistolla","status":"publish","type":"page","link":"http:\/\/www.mntysalo.fi\/juho\/index.php\/asiantuntijana-te-toimistolla\/","title":{"rendered":"Toukokuu 2020: Asiantuntijana TE-toimistolla"},"content":{"rendered":"<p><!--StartFragment--><\/p>\n\n\n<figure class=\"wp-block-image size-large is-style-circle-mask\"><img loading=\"lazy\" decoding=\"async\" width=\"1024\" height=\"979\" src=\"http:\/\/www.mntysalo.fi\/juho\/wp-content\/uploads\/2020\/02\/IMG_20190823_174340-scaled-e1582241356859-1024x979.jpg\" alt=\"\" class=\"wp-image-22\" srcset=\"http:\/\/www.mntysalo.fi\/juho\/wp-content\/uploads\/2020\/02\/IMG_20190823_174340-scaled-e1582241356859-1024x979.jpg 1024w, http:\/\/www.mntysalo.fi\/juho\/wp-content\/uploads\/2020\/02\/IMG_20190823_174340-scaled-e1582241356859-300x287.jpg 300w, http:\/\/www.mntysalo.fi\/juho\/wp-content\/uploads\/2020\/02\/IMG_20190823_174340-scaled-e1582241356859-768x734.jpg 768w, http:\/\/www.mntysalo.fi\/juho\/wp-content\/uploads\/2020\/02\/IMG_20190823_174340-scaled-e1582241356859-1536x1469.jpg 1536w, http:\/\/www.mntysalo.fi\/juho\/wp-content\/uploads\/2020\/02\/IMG_20190823_174340-scaled-e1582241356859.jpg 1920w\" sizes=\"auto, (max-width: 767px) 89vw, (max-width: 1000px) 54vw, (max-width: 1071px) 543px, 580px\" \/><\/figure>\n\n\n\n<p>Aloitin toukokuun alussa m\u00e4\u00e4r\u00e4aikaisen ty\u00f6suhteen TE-toimiston asiakaspalvelun tuessa tittelill\u00e4 &#8221;asiantuntija&#8221;.  Koronan vuoksi t\u00f6iden alku on ollut tavallisesta poikkeavaa. Perehdytys ja valtaosa rutiinista on tullut tehty\u00e4 et\u00e4n\u00e4 ja iltak\u00e4velyill\u00e4 on tultu k\u00e4yty\u00e4 hakemassa toimistolta papereita. Samalla eristys ihmisist\u00e4 on tarkoittanut my\u00f6s erist\u00e4ytymist\u00e4 ty\u00f6kavereista ja uudesta ty\u00f6yhteis\u00f6st\u00e4. Kymmenist\u00e4 tai jopa sadoista Tampereella olevista vanhemmista ty\u00f6yhteis\u00f6n j\u00e4senist\u00e4 olen tavannut alle kymmenen, suurimman osan vain pikaisesti. T\u00e4m\u00e4 ei ole optimaalista, sill\u00e4 vaikka ty\u00f6paikalla onkin hyv\u00e4t verkkoty\u00f6kalut, niin kynnys soittaa on aina korkeampi kuin huikata viereiseen koppiin.  T\u00e4m\u00e4 on totta varsinkin kun ihmisi\u00e4 ja n\u00e4iden ty\u00f6teht\u00e4vi\u00e4 ei ennest\u00e4\u00e4n tunne.<\/p>\n\n\n\n<p>Uusi ty\u00f6 on ollut minulle paitsi merkityksellinen, niin my\u00f6s toivottu:  luin yliopistolla useita kursseja ty\u00f6markkinoista useamman oppiaineen n\u00e4k\u00f6kulmasta. My\u00f6hemmin toin esiin gradussani TE-toimiston ty\u00f6ntekij\u00f6iden kokemuksesta ty\u00f6st\u00e4\u00e4n: j\u00e4rjestelmien k\u00e4ytt\u00f6\u00e4 ja lakis\u00e4\u00e4teisten teht\u00e4vien tekoa.  Ty\u00f6paikkaa TE-toimistolta aloin ensimm\u00e4ist\u00e4 kertaa hakemaan kev\u00e4\u00e4ll\u00e4 2017 harjoittelun merkeiss\u00e4 ja &#8221;oikeaa&#8221; ty\u00f6t\u00e4 heti valmistuttuani kes\u00e4ll\u00e4 2019.  T\u00e4ss\u00e4 mieless\u00e4 t\u00f6iden saanti <em>juuri t\u00e4\u00e4lt\u00e4<\/em> on ollut merkitt\u00e4v\u00e4 asia. Tuntuu t\u00e4rke\u00e4lt\u00e4 ett\u00e4 opiskelualasta on my\u00f6s k\u00e4yt\u00e4nn\u00f6n kokemusta, siirryn sitten my\u00f6hemmin mihin teht\u00e4viin tahansa.<\/p>\n\n\n\n<p>Samalla tuntuu kummalliselta tehd\u00e4 ty\u00f6t\u00e4 jonka parissa olen opiskellut pitk\u00e4\u00e4n. Vertasin er\u00e4\u00e4ss\u00e4 verkkopalaverissa olon olevan kuin  yritt\u00e4isi uida meress\u00e4 maalattuaan aiheesta monta taulua. Kyll\u00e4 se jotain auttaa, mutta enimm\u00e4kseen ei juuri yht\u00e4\u00e4n: perspektiivi on uusi. <\/p>\n\n\n\n<p>Osansa ymm\u00e4rt\u00e4m\u00e4tt\u00f6myydess\u00e4 on my\u00f6s t\u00f6iden laadulla. T\u00e4ll\u00e4 hetkell\u00e4 arki on koostunut pitk\u00e4lti koronan aiheuttaman ruuhkan purkamisesta.  Vanhemmat ty\u00f6ntekij\u00e4t kertovat ty\u00f6n arjen olevan monipuolisempaa, mutta toistaiseksi oma kokemus on ollut yhden teht\u00e4v\u00e4n tuottamasta monotoniasta. T\u00e4ss\u00e4 on toki hyv\u00e4n\u00e4 puolena mahdollisuus oppia yksi teht\u00e4v\u00e4 taustalogiikkoineen hyvin (ja huomaan edelleen yll\u00e4ttyv\u00e4ni kuinka pienet muutokset sanamuodoissa vaikuttavat lopputuloksiin), mutta rutiinin yhteys ihmiskohtaloihin j\u00e4\u00e4 muun kokemuksen puutteessa viel\u00e4 hieman abstraktiksi. Olen ottanut kiitollisena vastaan syliin tipahtaneet henkil\u00f6llisyydentarkastussoitot, sill\u00e4 lyhyetkin puhelut ihmisten kanssa auttavat paremmin muistamaan ty\u00f6n olevan nimenomaan ihmisty\u00f6t\u00e4. Se on t\u00e4rke\u00e4 muistutus syksyll\u00e4 (toivottavasti!) jatkuvan perinteisen asiakaspalvelun alkua odottaessa.<\/p>\n","protected":false},"excerpt":{"rendered":"<p>Aloitin toukokuun alussa m\u00e4\u00e4r\u00e4aikaisen ty\u00f6suhteen TE-toimiston asiakaspalvelun tuessa tittelill\u00e4 &#8221;asiantuntija&#8221;. Koronan vuoksi t\u00f6iden alku on ollut tavallisesta poikkeavaa. Perehdytys ja valtaosa rutiinista on tullut tehty\u00e4 et\u00e4n\u00e4 ja iltak\u00e4velyill\u00e4 on tultu k\u00e4yty\u00e4 hakemassa toimistolta papereita. Samalla eristys ihmisist\u00e4 on tarkoittanut my\u00f6s erist\u00e4ytymist\u00e4 ty\u00f6kavereista ja uudesta ty\u00f6yhteis\u00f6st\u00e4. Kymmenist\u00e4 tai jopa sadoista Tampereella olevista vanhemmista ty\u00f6yhteis\u00f6n j\u00e4senist\u00e4 olen &hellip; <\/p>\n<p class=\"link-more\"><a href=\"http:\/\/www.mntysalo.fi\/juho\/index.php\/asiantuntijana-te-toimistolla\/\" class=\"more-link\">Jatka lukemista<span class=\"screen-reader-text\"> &#8221;Toukokuu 2020: Asiantuntijana TE-toimistolla&#8221;<\/span><\/a><\/p>\n","protected":false},"author":1,"featured_media":0,"parent":0,"menu_order":0,"comment_status":"closed","ping_status":"closed","template":"","meta":{"footnotes":""},"class_list":["post-117","page","type-page","status-publish","hentry"],"_links":{"self":[{"href":"http:\/\/www.mntysalo.fi\/juho\/index.php\/wp-json\/wp\/v2\/pages\/117","targetHints":{"allow":["GET"]}}],"collection":[{"href":"http:\/\/www.mntysalo.fi\/juho\/index.php\/wp-json\/wp\/v2\/pages"}],"about":[{"href":"http:\/\/www.mntysalo.fi\/juho\/index.php\/wp-json\/wp\/v2\/types\/page"}],"author":[{"embeddable":true,"href":"http:\/\/www.mntysalo.fi\/juho\/index.php\/wp-json\/wp\/v2\/users\/1"}],"replies":[{"embeddable":true,"href":"http:\/\/www.mntysalo.fi\/juho\/index.php\/wp-json\/wp\/v2\/comments?post=117"}],"version-history":[{"count":8,"href":"http:\/\/www.mntysalo.fi\/juho\/index.php\/wp-json\/wp\/v2\/pages\/117\/revisions"}],"predecessor-version":[{"id":181,"href":"http:\/\/www.mntysalo.fi\/juho\/index.php\/wp-json\/wp\/v2\/pages\/117\/revisions\/181"}],"wp:attachment":[{"href":"http:\/\/www.mntysalo.fi\/juho\/index.php\/wp-json\/wp\/v2\/media?parent=117"}],"curies":[{"name":"wp","href":"https:\/\/api.w.org\/{rel}","templated":true}]}}